factors of s.
3, 17
What are the prime factors of -113*-18*2/4?
3, 113
Let c(r) = r - 3. Let w be c(3). Let i be (4 - w/(-4)) + 1. Let a = 0 + i. List the prime factors of a.
5
Let a(z) = 2*z**2 - 15*z. List the prime factors of a(27).
3, 13
Let p(o) = o**3 - 13*o**2 - 15*o + 16. Let t be p(14). Suppose -5*x + t + 3 = 0. Let a(w) = 6*w. List the prime factors of a(x).
2, 3
Let u be (22/4 - 4)*2. Suppose 5*f = -u + 13. List the prime factors of 0 + 27*f/2.
3
Suppose 5*o = k - 31, 0 = -5*k + o - 6*o + 305. List the prime factors of k.
2, 7
Let r(x) = x**2 - 17*x - 13. Let p be r(18). Suppose -90 = -h + p*o, -2*h + 452 = 2*h + 3*o. What are the prime factors of h?
2, 5, 11
List the prime factors of 14/(252/24462) - 1*5.
2, 677
Let v(o) = -o**3 - 7*o**2 - 22*o - 52. What are the prime factors of v(-12)?
2, 233
Let u(d) = -4*d + 4. Let k be u(-3). Let m = 26 - k. Suppose m*j - 5*j - 65 = 0. List the prime factors of j.
13
Let j be (-2)/(-4)*2*5. Suppose 3 = j*g + 23. What are the prime factors of 5 + (-6 - -3 - g)?
2, 3
Suppose -2*f - 3*p + 554 = 0, -5*f + 4*p - 8*p = -1371. What are the prime factors of f?
271
Suppose 2*a - 2020 = -3*k - 0*a, -2*k + 3*a + 1338 = 0. What are the prime factors of k?
2, 3, 7
Let u(p) = 3*p**2 - 13*p - 37. Let n be u(13). Let h = n - 156. List the prime factors of h.
5, 29
Let j(c) = 46*c**2 - 18*c + 12. Let y be j(-9). What are the prime factors of y/105 + 1/(-7)?
37
Suppose 4 + 8 = 3*n. Let s = 2 - n. List the prime factors of 240/(-18)*3/s.
2, 5
Let p = -326 - -843. List the prime factors of p.
11, 47
Suppose 5*v - 880 = v. Let o be 1/10 - 1562/v. Let u(c) = c**2 + 2*c + 9. List the prime factors of u(o).
2, 11
Let b(r) = -5*r - 10 - r - 4*r**2 + 0*r + 5*r**2. List the prime factors of b(8).
2, 3
List the prime factors of (-12)/8 + 11620/8 + 0.
1451
Let c(l) be the third derivative of -l**5/60 - 5*l**4/8 - 2*l**3 + 7*l**2. Let f be c(-14). Suppose -3*g = f*g - 130. List the prime factors of g.
2, 13
Let t(q) = 10*q + 6 + q**2 + 1 + 5. Let z be t(-9). What are the prime factors of (z/(-6))/((-1)/86)?
43
Let r be (-2)/((-8)/100) - -3. Suppose 0*v + r = v. Suppose 0 = -2*o + v + 12. What are the prime factors of o?
2, 5
Let i = -23 - -4. Let z = i - -21. Suppose -2*h - 2*c = -28, 4*c - 72 = z*h - 7*h. What are the prime factors of h?
2
Let t(b) = -4*b - 1. Let c be t(-1). Suppose 0 = 4*g + 4*p, c*g + p = -2*g + 20. Suppose 3*o - 52 = -g*x, 0 = 2*x - 13 + 3. List the prime factors of o.
3
Suppose 5*c - 8*c - 6 = 0. Let l(g) = 11*g**2 + 3*g + 1. What are the prime factors of l(c)?
3, 13
Suppose 0 = 5*f - 3*k - 158, -4*k = f - 67 + 17. Suppose 0 = -5*z - 231 - f. Let a = z - -92. List the prime factors of a.
3, 13
Let f(v) be the second derivative of -v**5/20 + 2*v**4/3 + 3*v**3/2 + 13*v**2/2 - 4*v. What are the prime factors of f(8)?
5, 17
Suppose 5*y - 38 = -3*t - 0*t, 2*t + 8 = 5*y. Suppose 14 = t*f + 2. What are the prime factors of f?
2
Suppose 4*f - 8 = 0, -7*f + 3*f + 8 = 2*w. Suppose -m + 5 = 0, 4*m = 4*i - w*m + 200. Let n = -24 - i. What are the prime factors of n?
3, 7
Suppose -2*f - 69 = -5*m, -5 - 1 = 3*f. Let h be -5*(-2)/(0 + 2). Suppose -m = -l - h. What are the prime factors of l?
2
Let a = 666 + -1014. Let d be (-3)/(-12) - a/16. Suppose -5*u + l = -4*l - 90, -3*l = u - d. What are the prime factors of u?
19
Let x(n) = 12*n**2 - 7*n - 45. What are the prime factors of x(-4)?
5, 7
Let w(y) = -y + 53. Let r(o) = -o**3 + 2*o**2. Let x(i) = i**3 + 3*i**2 - 6*i - 6. Let b be x(-4). Let f be r(b). List the prime factors of w(f).
53
List the prime factors of 0/(-17) + (2 - 1 - -799).
2, 5
Let o(d) = d - 1. Let u(s) = -4*s - 1. Let f(p) = 3*o(p) + u(p). Let z be f(-8). Suppose 2*l - 5*v - 89 = 0, l = -0*l - z*v + 77. List the prime factors of l.
3, 19
Suppose -2*i + 3 = -1, -2*w + 4*i + 60 = 0. Let s be w/1 + 9/3. Let y = s - 5. List the prime factors of y.
2
Let i = 6767 - 4602. List the prime factors of i.
5, 433
Let c = 41 - -433. List the prime factors of c.
2, 3, 79
Suppose 2*j - 6 = 2*i + 4*j, 3*i + 5*j + 17 = 0. Let g be 0 + i - (-2 + 0). Suppose u = 3*f + 22, u + g*f - 110 = -4*u. List the prime factors of u.
2, 11
Suppose -4*f - 203 = -s + 695, 2*s - 2*f - 1820 = 0. List the prime factors of s.
2, 457
Let f(z) be the third derivative of 101*z**5/60 - z**4/24 + 7*z**2. Let k be f(-1). List the prime factors of ((-1)/(-2))/(3/k).
17
Let h = 1352 + -785. Suppose -3*x + 10*x = h. What are the prime factors of x?
3
Let l be (-34)/(-10) - (-2)/(-5). List the prime factors of l*1*(12 - 3 - -4).
3, 13
Suppose 23 = 5*s - 7. Suppose 4*n - s = 4*p + 10, p = 0. Suppose n*z - 62 = 2*z. What are the prime factors of z?
31
Suppose 4*q - 3*y - 464 = 0, -2*y - 11 = q - 116. Let h = q + -34. List the prime factors of h.
79
Let o be (-18)/72 - 1/(-4). Suppose o = 6*u - 2*u. Suppose -3*l - 26 + 104 = u. What are the prime factors of l?
2, 13
Let q(o) = 116*o + 827. List the prime factors of q(6).
1523
Suppose -u + 233 = -3*t, -4*u = 3*t - 5*t - 882. List the prime factors of u.
2, 109
Let n = -34 - -65. Let c = -8 + n. Let q = 35 - c. List the prime factors of q.
2, 3
Let l = -199 - -488. List the prime factors of l.
17
Let v = -242 - -823. List the prime factors of v.
7, 83
Suppose -2*c - 5*c + 35 = 0. Suppose 0 = -g - c*l + 8, 2*l - 6*l = -2*g + 72. Suppose -4*w = -152 + g. What are the prime factors of w?
31
List the prime factors of ((-86)/(-9))/(10/90).
2, 43
Suppose 13*a - 26*a = -923. List the prime factors of a.
71
Suppose -2*p + 12 = 2*a, -2*a + p = 4*p - 16. Suppose y + 5*k = 75, -3*k + a*k - 63 = -y. What are the prime factors of y?
5, 13
Let k(b) = -207*b**3 + 20*b**2 + 65*b + 12. What are the prime factors of k(-3)?
2, 3, 7, 19
Let u = -240 - -384. List the prime factors of u.
2, 3
Let n(j) = j**2 - 4*j + 12. List the prime factors of n(9).
3, 19
Let a be 7 + 1 - (-21)/7. Let l = a + -6. Suppose s - l = 1. List the prime factors of s.
2, 3
Let b(a) = -a**3 - 20*a**2 - 14*a + 37. Let r be b(-19). Let v = 166 + r. What are the prime factors of 8016/v + 2/(-9)?
2, 37
Let w(i) = i**2 + i. Let m be w(1). Let f(d) = 10*d + 20. Let v be f(4). Suppose -2*s + 58 = -2*c, -4*s - m*c + 56 = -v. List the prime factors of s.
29
Suppose -13 = -4*h + i, -4*i - 12 = 3*h + h. Suppose -h*k - 10 + 24 = 0. Suppose k = t - 5. What are the prime factors of t?
2, 3
Suppose 2*b - j - 847 = 0, j - 6 = -j. List the prime factors of b.
5, 17
Let x = 4858 - 2519. What are the prime factors of x?
2339
Let v(i) = i**2 + i. Let b(y) = -5*y**2 - 15*y - 5. Let z(t) = b(t) + 4*v(t). Let n be z(-5). Suppose -2*d - 7 = -n. What are the prime factors of d?
3
Let u = -243 + 455. Suppose -4 = n + 10. List the prime factors of u/7 - (-4)/n.
2, 3, 5
Let v be ((-84)/(-8) + 3)*-16. Let a be v/3*(-44)/(-6). What are the prime factors of a/(-10) + 9/45?
53
Let b = -10 - -12. Suppose -10 = 3*j + b*j. What are the prime factors of ((-7)/(-2) + j)*18?
3
Let v(r) = r**3 + 24*r**2 + 21*r + 36. List the prime factors of v(-21).
2, 3, 17
Let x(m) = m**2 + 5*m - 8. Let v be x(-7). Let i(s) = -s**2 + 8*s - 10. Let w be i(v). Suppose -w*h = -h - 30. List the prime factors of h.
2, 3, 5
Let r = 1595 + 335. List the prime factors of r.
2, 5, 193
Let s(b) = 7*b**3 + 3*b**2 - 3*b - 15. Let n(x) = 4*x**3 + 2*x**2 - 2*x - 7. Let y(g) = 5*n(g) - 3*s(g). What are the prime factors of y(0)?
2, 5
List the prime factors of 25509/4 - (-16)/(-64).
7, 911
Let d(b) = b**2 + 10*b + 10. Let t be -1*13 - 0/(-3). Let m be d(t). Let s = m - 33. What are the prime factors of s?
2
Let t be (-8 - (2 - 2))*-1. Suppose t*u - u = 924. List the prime factors of u.
2, 3, 11
Let i(n) be the second derivative of 7/6*n**3 + 0 + 6*n**2 + 11*n. List the prime factors of i(6).
2, 3
Suppose 3*f - 1896 = -5*u + u, 4*u - 1892 = -4*f. List the prime factors of u.
3, 53
Let b = -130 + 135. Suppose -b*a = -1302 + 227. What are the prime factors of a?
5, 43
Let v = -45 + 45. Suppose 5*g + j - 127 = 0, -5*g = -v*j - j - 133. What are the prime factors of g?
2, 13
Let i(q) = 2*q**2 + 35*q + 130. What are the prime factors of i(-22)?
2, 41
Suppose -m + 29 = 5*d, d - m + 3 = m. Let y(t) = -t**2 + 5*t - 6. Let x be y(d). What are the prime factors of (-610)/(-30) + (-4)/x?
3, 7
Let b be (-129)/8*44/(-33)